24566551 a composite number?
True
Is 2852699 prime?
True
Is 9647627 prime?
False
Is 1244879 a composite number?
False
Is 577751 a composite number?
False
Is 35665901 a composite number?
False
Is 299379 a composite number?
True
Is 2507417 composite?
True
Is 10065667 a prime number?
True
Is 184684534 composite?
True
Is 138732887 a composite number?
True
Is 725639081 a composite number?
False
Is 12319 a prime number?
False
Is 16166551 a prime number?
False
Is 933466187 prime?
True
Is 4441069 prime?
False
Is 106493837 a composite number?
False
Is 291866954 a composite number?
True
Is 18162286 prime?
False
Is 264494218 a composite number?
True
Is 7747211 composite?
False
Is 45872713 composite?
False
Is 9123817 prime?
False
Is 37955209 a prime number?
False
Is 94598831 a prime number?
True
Is 55561251 a prime number?
False
Is 39000937 composite?
True
Is 71835163 prime?
True
Is 10346983 a composite number?
False
Is 9866371 composite?
True
Is 1570291 prime?
True
Is 345361273 composite?
True
Is 1157206945 a prime number?
False
Is 7505129 prime?
True
Is 48735803 composite?
True
Is 62916647 a prime number?
False
Is 3300313 a composite number?
False
Is 62391757 a composite number?
True
Is 344891957 prime?
False
Is 88668859 prime?
True
Is 12425503 composite?
False
Is 21216361 a prime number?
True
Is 2414581 a composite number?
True
Is 25100261 a prime number?
False
Is 49403539 a prime number?
True
Is 7883741 composite?
False
Is 625763 a composite number?
False
Is 676467301 prime?
False
Is 5375665 composite?
True
Is 29040827 a composite number?
False
Is 16058321 composite?
True
Is 69295 a composite number?
True
Is 41818429 a composite number?
False
Is 1787189 composite?
False
Is 666001711 composite?
True
Is 24384029 composite?
True
Is 265556567 a composite number?
True
Is 65183953 prime?
False
Is 1946111 a composite number?
True
Is 35444867 prime?
False
Is 59570939 prime?
False
Is 3020461 a prime number?
False
Is 30408073 prime?
False
Is 47962939 a prime number?
True
Is 4954387 prime?
False
Is 13141069 a prime number?
True
Is 379519 prime?
False
Is 503819 a composite number?
False
Is 3984763 a prime number?
False
Is 5226929 a composite number?
False
Is 14997379 a composite number?
True
Is 13680123 a prime number?
False
Is 17195003 composite?
True
Is 35176697 a prime number?
False
Is 168102841 a prime number?
False
Is 17641031 composite?
False
Is 89961187 composite?
True
Is 13921429 a composite number?
False
Is 4140587 prime?
False
Is 12240167 composite?
False
Is 261748159 composite?
True
Is 3368221 a prime number?
False
Is 12880447 composite?
False
Is 188779207 prime?
True
Is 3584039 composite?
True
Is 23410687 a composite number?
False
Is 1262 prime?
False
Is 556774 a prime number?
False
Is 25536331 prime?
True
Is 264879557 composite?
True
Is 2525531 a prime number?
True
Is 3296567 prime?
False
Is 135817327 composite?
False
Is 264228359 a composite number?
True
Is 948637 a prime number?
False
Is 4957949 prime?
False
Is 1672441 prime?
True
Is 44725147 a prime number?
False
Is 86639645 prime?
False
Is 2826029 a composite number?
True
Is 67900537 composite?
False
Is 60225961 a composite number?
True
Is 42127511 composite?
False
Is 35215657 a composite number?
True
Is 23453233 composite?
False
Is 28607023 prime?
True
Is 161971933 prime?
False
Is 105294117 a composite number?
True
Is 4343203 prime?
True
Is 50581061 a prime number?
True
Is 4177087 composite?
True
Is 33873179 prime?
True
Is 40571959 prime?
True
Is 3312623 composite?
False
Is 152849203 composite?
True
Is 22536259 composite?
False
Is 4007931 a composite number?
True
Is 1358009 prime?
True
Is 53701849 prime?
False
Is 288810595 a composite number?
True
Is 5105627 composite?
True
Is 10835981 composite?
True
Is 15873535 a composite number?
True
Is 51281539 a prime number?
False
Is 14076857 composite?
False
Is 9264667 composite?
False
Is 18027169 a composite number?
False
Is 50949787 a composite number?
True
Is 1121293 composite?
False
Is 322214317 a composite number?
True
Is 19425743 composite?
True
Is 6358307 a composite number?
True
Is 7890661 a composite number?
False
Is 15998107 a composite number?
True
Is 23676817 a prime number?
True
Is 22231861 a composite number?
False
Is 10780795 a composite number?
True
Is 19835191 a composite number?
False
Is 372805 a composite number?
True
Is 75928133 prime?
True
Is 467673 composite?
True
Is 829786 prime?
False
Is 770221 a prime number?
False
Is 9671677 composite?
False
Is 47309129 a composite number?
True
Is 1505687 a prime number?
True
Is 134692267 prime?
True
Is 61822087 prime?
True
Is 263621 a composite number?
False
Is 16341341 composite?
False
Is 274203763 a prime number?
False
Is 398989613 a composite number?
True
Is 4052627 prime?
True
Is 3736279 a prime number?
True
Is 56824883 a composite number?
False
Is 251726 a composite number?
True
Is 224552047 a composite number?
True
Is 9800387 composite?
False
Is 2500151 a composite number?
False
Is 8282453 a composite number?
False
Is 1266037 composite?
True
Is 35005969 a prime number?
True
Is 1898227 prime?
True
Is 42312409 a composite number?
False
Is 7617757 composite?
True
Is 81429641 a prime number?
False
Is 674911 prime?
False
Is 29693909 a prime number?
False
Is 30398521 prime?
False
Is 7524203 composite?
False
Is 2982433 prime?
False
Is 6923533 composite?
False
Is 64190479 a composite number?
False
Is 1131538 prime?
False
Is 192976649 a composite number?
False
Is 8254385 composite?
True
Is 6762439 a composite number?
False
Is 312855209 prime?
True
Is 1349651 prime?
True
Is 87886571 a composite number?
True
Is 264551947 composite?
True
Is 190913201 a prime number?
False
Is 3089 prime?
True
Is 37598243 a prime number?
False
Is 524789 prime?
True
Is 109220017 a composite number?
False
Is 555858617 a composite number?
False
Is 3679011815 a prime number?
False
Is 59167382 a composite number?
True
Is 2979799 a prime number?
False
Is 8075303 a prime number?
False
Is 2164873 composite?
True
Is 152897 a composite number?
False
Is 754929599 a composite number?
True
Is 14563217 a composite number?
True
Is 2584379 a prime number?
False
Is 49379465 a composite number?
True
Is 20424947 composite?
True
Is 11611339 prime?
False
Is 30403 a prime number?
True
Is 88696987 a prime number?
False
Is 125732293 composite?
True
Is 485501 prime?
False
Is 15117385 composite?
True
Is 187039 a composite number?
True
Is 5707697 composite?
True
Is 1538321 composite?
False
Is 8431979 a composite number?
False
Is 110047757 composite?
False
Is 3332177 a composite number?
True
Is 7597761 prime?
False
Is 240917707 a prime number?
False
Is 12868123 composite?
False
Is 897721 composite?
True
Is 1448303 composite?
False
Is 2125897 a prime number?
False
Is 14538977 composite?
True
Is 34818001 a composite number?
True
Is 778637 prime?
False
Is 572057 prime?
False
Is 520679 prime?
True
Is 26815735 composite?
True
Is 9595121 composite?
True
Is 130297913 a composite number?
False
Is 439275047 a composite number?
False
Is 3392161 a prime number?
True
Is 37883543 a composite number?
True
Is 52920781 a prime number?
False
Is 208128785 composite?
True
Is 407616319 composite?
True
Is 23804423 a composite number?
False
Is 32230321 composite?
True
Is 6287587 composite?
False
Is 32667 prime?
False
Is 141820801 a composite number?
False
Is 950681 a composite number?
False
Is 16754411 a prime number?
False
Is 728509621 prime?
False
Is 54329915 a composite number?
True
Is 158668841 prime?
True
Is 473173 a composite number?
False
Is 3351017 prime?
False
Is 24181187 prime?
True
Is 101341507 a composite number?
False
Is 51493811 a composite number?
True
Is 97429399 a composite number?
True
Is 834551 a composite number?
True
Is 5010877 prime?
True
Is 526289847 prime?
False
Is 9345355 a composite number?
True
Is 878181 a prime number?
False
Is 5152033 composite?
True
Is 188923483 composite?
True
Is 2901989 a composite number?
False
Is 11979463 a prime number?
True
Is 266496586 composite?
True
Is 110709817 a prime number?
True
Is 7211807 prime?
False
Is 38589349 a prime number?
False
Is 6295189 a composite number?
False
Is 45418517 a composite number?
False
Is 5988647 composite?
True
Is 141843241 composite?
True
Is 818549859 prime?
False
Is 662367127 a